1 and 1?
1
What is the greatest common factor of 120 and 3680?
40
Calculate the greatest common divisor of 26 and 1391.
13
Calculate the highest common divisor of 623 and 979.
89
What is the highest common divisor of 1945 and 20?
5
Calculate the highest common factor of 28 and 308.
28
What is the greatest common factor of 27 and 171?
9
Calculate the greatest common divisor of 2356 and 186.
62
What is the greatest common divisor of 63 and 28?
7
What is the highest common divisor of 176 and 8?
8
What is the greatest common divisor of 24 and 5592?
24
Calculate the greatest common factor of 39 and 91.
13
What is the highest common divisor of 40 and 115?
5
What is the highest common divisor of 60 and 450?
30
What is the greatest common divisor of 481 and 39?
13
Calculate the highest common factor of 160 and 128.
32
What is the greatest common divisor of 93 and 155?
31
Calculate the greatest common factor of 24 and 396.
12
Calculate the highest common divisor of 158 and 16.
2
Calculate the greatest common divisor of 36 and 35448.
12
Calculate the highest common divisor of 62 and 3038.
62
What is the greatest common divisor of 115 and 5?
5
Calculate the greatest common divisor of 6 and 123.
3
What is the highest common factor of 248 and 1364?
124
Calculate the greatest common factor of 2091 and 51.
51
Calculate the greatest common factor of 2982 and 84.
42
Calculate the highest common factor of 10 and 13045.
5
What is the greatest common factor of 8064 and 63?
63
What is the highest common factor of 142 and 2698?
142
Calculate the greatest common factor of 72198 and 18.
18
What is the greatest common divisor of 456 and 216?
24
Calculate the greatest common divisor of 150 and 400.
50
What is the highest common factor of 9 and 72?
9
Calculate the highest common factor of 28 and 3668.
28
Calculate the highest common factor of 17511 and 39.
39
What is the greatest common factor of 118 and 236?
118
Calculate the highest common divisor of 1780 and 180.
20
What is the highest common divisor of 95 and 55?
5
What is the highest common divisor of 10235 and 230?
115
Calculate the greatest common factor of 147 and 24.
3
What is the greatest common factor of 616 and 44?
44
Calculate the greatest common factor of 2385 and 25.
5
What is the greatest common factor of 36 and 900?
36
What is the greatest common divisor of 44 and 17886?
22
What is the highest common factor of 129 and 215?
43
What is the highest common factor of 4 and 7556?
4
Calculate the highest common factor of 140 and 56.
28
Calculate the highest common factor of 1708 and 6344.
244
What is the highest common factor of 57 and 38?
19
What is the greatest common factor of 923 and 1207?
71
What is the highest common factor of 196 and 84?
28
Calculate the greatest common factor of 133 and 6289.
19
What is the greatest common factor of 18626 and 134?
134
What is the greatest common factor of 8 and 1576?
8
What is the highest common factor of 250 and 30?
10
Calculate the greatest common factor of 11655 and 15.
15
What is the greatest common divisor of 147 and 5341?
49
What is the highest common divisor of 20 and 5?
5
What is the highest common divisor of 47753 and 34?
17
What is the greatest common divisor of 417 and 24?
3
What is the greatest common factor of 1064 and 112?
56
Calculate the highest common factor of 798 and 171.
57
What is the greatest common divisor of 70 and 6020?
70
Calculate the highest common factor of 11 and 803.
11
What is the greatest common divisor of 1896 and 24?
24
What is the greatest common divisor of 618 and 96?
6
What is the greatest common factor of 15474 and 6?
6
What is the greatest common divisor of 3 and 87?
3
Calculate the highest common factor of 171 and 4731.
57
Calculate the highest common factor of 405 and 585.
45
Calculate the highest common factor of 18 and 468.
18
Calculate the greatest common factor of 13 and 117.
13
Calculate the greatest common divisor of 168 and 21.
21
What is the greatest common factor of 1600 and 50?
50
Calculate the highest common factor of 24 and 8112.
24
Calculate the greatest common factor of 553 and 7.
7
What is the highest common divisor of 133 and 4104?
19
What is the highest common divisor of 16 and 1532?
4
What is the greatest common factor of 3993 and 33?
33
What is the greatest common divisor of 644 and 2093?
161
Calculate the highest common divisor of 16 and 188.
4
Calculate the highest common factor of 45 and 24966.
9
Calculate the greatest common factor of 25927 and 11.
11
What is the highest common divisor of 48 and 4380?
12
Calculate the greatest common factor of 378 and 162.
54
What is the greatest common divisor of 14014 and 616?
154
What is the highest common factor of 8320 and 16?
16
Calculate the highest common divisor of 79 and 1.
1
What is the highest common factor of 5676 and 748?
44
Calculate the greatest common factor of 3 and 17.
1
What is the greatest common factor of 144 and 1656?
72
What is the greatest common divisor of 8906 and 854?
122
Calculate the greatest common factor of 40 and 130.
10
Calculate the highest common divisor of 143 and 169.
13
What is the greatest common factor of 1027 and 13?
13
What is the highest common divisor of 266 and 42?
14
Calculate the highest common divisor of 963 and 10272.
321
What is the highest common factor of 60 and 804?
12
Calculate the highest common factor of 195 and 4212.
39
Calculate the highest common factor of 375 and 125.
125
What is the greatest common factor of 147 and 12005?
49
What is the highest common divisor of 384 and 17536?
128
What is the highest common factor of 570 and 190?
190
What is the highest common factor of 1776 and 144?
48
What is the greatest common divisor of 21900 and 90?
30
Calculate the greatest common divisor of 4 and 3428.
4
Calculate the highest common factor of 152 and 8.
8
Calculate the greatest common factor of 159294 and 278.
278
Calculate the greatest common divisor of 1539 and 19.
19
What is the greatest common factor of 15 and 6?
3
What is the greatest common factor of 112 and 329?
7
What is the greatest common divisor of 9 and 5625?
9
What is the highest common factor of 170 and 51?
17
What is the highest common divisor of 108 and 2322?
54
Calculate the greatest common factor of 14739 and 51.
51
Calculate the greatest common divisor of 18 and 22941.
9
What is the highest common divisor of 120 and 192?
24
What is the highest common divisor of 236 and 4?
4
Calculate the greatest common divisor of 864 and 736.
32
Calculate the greatest common factor of 902 and 369.
41
What is the greatest common factor of 1098 and 18?
18
What is the highest common divisor of 4734 and 12?
6
Calculate the highest common factor of 1629 and 7421.
181
What is the greatest common factor of 1 and 5040?
1
Calculate the highest common factor of 954 and 486.
18
Calculate the greatest common factor of 784 and 16.
16
What is the greatest common divisor of 5 and 2390?
5
What is the greatest common divisor of 847 and 203?
7
Calculate the greatest common factor of 3968 and 31.
31
What is the highest common factor of 135 and 585?
45
Calculate the highest common divisor of 168 and 16.
8
What is the highest common divisor of 80 and 448?
16
What is the greatest common factor of 115388 and 26?
26
Calculate the highest common factor of 1843 and 95.
19
Calculate the highest common factor of 693 and 99.
99
What is the highest common factor of 265 and 5?
5
What is the greatest common divisor of 16484 and 52?
52
Calculate the greatest common divisor of 17025 and 60.
15
Calculate the greatest common factor of 20 and 230.
10
What is the greatest common divisor of 3620 and 130?
10
What is the greatest common divisor of 3470 and 40?
10
What is the greatest common factor of 164 and 410?
82
What is the greatest common factor of 68 and 2482?
34
What is the greatest common factor of 1221 and 33?
33
What is the highest common divisor of 603 and 67?
67
What is the greatest common divisor of 104 and 26?
26
What is the highest common divisor of 1 and 139?
1
Calculate the highest common divisor of 78 and 52.
26
What is the greatest common divisor of 18 and 30?
6
Calculate the highest common factor of 1748 and 828.
92
What is the greatest common factor of 110 and 140?
10
Calculate th